alse
Suppose -5*u + 4*u = -4*b - 2345, -3*b - 9341 = -4*u. Is u composite?
False
Let m(r) be the first derivative of r**3/3 - 5*r**2/2 - 2*r + 1. Let i be m(5). Is i/(-2) - 2 - -78 a prime number?
False
Suppose l = -2*y - 20, 0*y - y = -2*l + 20. Let i(g) = -411*g + 95. Is i(y) composite?
True
Let i(k) = -k**3 + k**2 - k. Let u be i(4). Let h = u + 105. Is h a prime number?
True
Let b(r) = -428*r**3 - r**2 + r + 1. Suppose -t - 3*k = -k - 3, -3*t + 3*k = 9. Is b(t) prime?
False
Let o(u) = -5 + 272*u - 122*u - 127*u. Suppose 79 = 5*i - 5*a + 19, a - 28 = -4*i. Is o(i) a prime number?
True
Suppose n + 328 = -w + 1614, 6450 = 5*n + w. Is n a composite number?
False
Is ((-1471)/2)/(6/(-12)) prime?
True
Let n = 60545 - 25792. Is n a composite number?
True
Is (-33)/11*(-9111)/9 composite?
False
Let x(h) = -h**3 + 2*h**2 + 2*h + 959. Suppose -2*o - 4*o = 0. Is x(o) a composite number?
True
Suppose 0 = -10*s + 244204 + 217906. Is s composite?
True
Suppose 3606 = 4*y - 5*t, -4514 = -5*y - 2*t + 5*t. Let q be (y/(-20))/((-2)/(-10)). Let w = q + 945. Is w a prime number?
True
Suppose -r + 45 = 14*r. Suppose 0 = 4*o - 3*x - 7760, -r*x = -2 + 14. Is o a composite number?
True
Let p(y) = -y + 7. Let u be p(-14). Let g(x) = x + 7. Let k be g(-8). Let z = u - k. Is z prime?
False
Let s(p) = -52*p**3 + 3*p**2 - 3. Let t(q) = 469*q**3 - 28*q**2 + 28. Let g(j) = -28*s(j) - 3*t(j). Let i be (3 + 98/(-35))/(2/10). Is g(i) a composite number?
True
Let z = 150 - -567. Is z composite?
True
Let i(g) be the first derivative of g**4/4 - 2*g**3 + 7*g + 5. Let y be i(6). Suppose y*r - 903 = 4*r. Is r a prime number?
False
Let a = -1949 - -5298. Is a composite?
True
Let y be 2*5158/4 - (1 + 2). Suppose k = 2*l - 6*l + 2561, 4*k + y = 4*l. Is l a prime number?
True
Let m = 48 + -44. Let g = m + 47. Is g composite?
True
Is -13929*(-2)/3*6/12 a composite number?
False
Let n(i) = -4476*i**3 + 7*i**2 + 5*i - 5. Is n(-3) prime?
False
Let u = 3473 - 2314. Is u composite?
True
Suppose -4*w = -11*j + 15*j - 13728, -5*w - 5 = 0. Is j a prime number?
True
Let b be 1/(4/3)*4. Suppose b*m - 2*d = -1837, -3*m - 1843 = -d - 4*d. Let q = -54 - m. Is q a prime number?
True
Let w = -16 - -14. Let s be w/4*-2*0. Suppose 5*v - 181 = -5*k + v, -4*v - 4 = s. Is k a composite number?
False
Let h be 4*((-2)/(-14))/(24/42). Is ((-58)/6)/(h/(-33)) composite?
True
Is (0 - 1/4)*(10 - 16814) prime?
True
Let i(c) = -c**2 + 2*c + 215. Let b = 2 - 2. Is i(b) prime?
False
Let a(f) = -11*f**3 - f**2 - 8*f + 1. Suppose h + p + 4 = -4, h - 4 = 2*p. Is a(h) a prime number?
False
Let h be (-5)/((-30)/9)*4690. Is (2/3)/(10/h) a composite number?
True
Suppose 2*r - 2*b + 0*b + 2 = 0, 5*r + 2 = 4*b. Is (r/(-4))/((-18)/7740) a composite number?
True
Let u(a) = -2 + 0*a + 18*a - 27. Suppose -52 = -3*n - 4*r, 4*r + 3 = 19. Is u(n) a prime number?
False
Let w(n) = 9*n**2 - n + 4. Let y be w(4). Is y - ((-9)/12 + 60/16) prime?
False
Suppose 0*t = -t + 2. Let j(u) = -3 + 34*u - 2 + 3*u + 5*u. Is j(t) prime?
True
Suppose 17 = 5*r + 7. Let g be r*-3*139/(-2). Suppose -g = -2*y + 313. Is y a prime number?
False
Suppose -v + y + 8 = 0, 2*y - 8 = v - 21. Suppose z - 316 = -v*z. Is z composite?
False
Let r = 119783 + -18674. Is r prime?
False
Let w(l) = l**3 + 7*l**2 - 2*l - 8. Let i be w(-7). Let o be i/5*(-3 + 393). Is o - -2 - (-1)/(-1) prime?
False
Suppose 7*u = -56 + 7. Let g(i) = 7*i**2 - 9*i - 15. Is g(u) a prime number?
False
Let u(n) be the first derivative of n**4/2 - 11*n**3/3 + 3*n**2 + 2*n + 21. Is u(7) prime?
True
Suppose -y + 832 = y - 2*l, 5*y - 2071 = -4*l. Suppose 3*z = 3646 - y. Is z a prime number?
False
Let n = 3408 + 2879. Is n composite?
False
Suppose -5*c + j + 5400 = 0, 444 = -2*c + 4*j + 2622. Is c composite?
True
Let i(x) = 7 - 3*x - 28*x**3 + 25*x**3 - 6*x**2 + 10*x. Is i(-6) a composite number?
False
Suppose -3*g + 21 = -4*v, 2*g - 9 = v - 0*g. Let s be v*(92 + -2 + 4). Let z = s - -613. Is z a composite number?
False
Suppose 2*o + 0*o + 5*u = 14, 2*u = 5*o - 6. Is -1 + (-114)/(-1 - o) a composite number?
False
Suppose -5*s + 4900 + 795 = 0. Suppose s = v - 658. Is v a prime number?
False
Suppose 0*a - 74 = -2*a. Let j(d) = d**2 + 4*d + a - 7*d + 4*d. Is j(0) prime?
True
Suppose -18*g = -73301 - 8437. Is g composite?
True
Suppose -6*f = 4*f - 12360. Let j = f - -2153. Is j composite?
False
Suppose -44738 - 26920 = -27*z. Is z composite?
True
Suppose -4*g + 2*y = -26, 51 = 4*g - 0*g + 3*y. Suppose 3*x - g = 5*m - 41, -5*m = x - 16. Is 4/x + 128 + 0 a prime number?
True
Let s be (-17)/(-6) + (-2)/(-12). Suppose -4*z = -c + 253, -2*c + s*z + 772 = 261. Is c composite?
False
Let i(p) = 174*p + 8. Let w be i(6). Suppose 3*c + 413 = 2*v, v - 6*v + c = -w. Is v a composite number?
False
Let g = 82 + 2. Suppose 2*w - 5*m = -4*m + 9, -2*w + 15 = 5*m. Suppose -w*f + g = -1101. Is f prime?
False
Let q be (1 - 0)/((-2)/(-6)). Suppose 0 = -5*y + q*m + 16 - 1, 5*m - 12 = -4*y. Suppose 3*g - 3*h = -0*h + 564, 0 = -y*g - 2*h + 549. Is g a composite number?
True
Let x(u) = 333*u**2 - 3*u - 49. Is x(5) prime?
False
Suppose 0 = -40*c + 34*c + 20190. Is c a composite number?
True
Let i = -619 + 1101. Suppose -x - i - 231 = -4*r, -r - x = -172. Is r composite?
True
Let u(d) be the third derivative of -d**5/60 + d**4/24 - 7*d**3/2 - d**2. Let a be u(0). Let y = 55 + a. Is y composite?
True
Let g(r) = -5117*r - 1273. Is g(-6) prime?
True
Suppose 2*g = 2*k - 0*g - 14, 0 = -k + 4*g + 7. Let i be -1 + k + -3 + 954. Suppose 3*j - i = t - 2*t, -4*t = -3*j + 957. Is j a prime number?
False
Let h be (-3)/(-12)*3 + (-6)/8. Suppose -3*l - 5*v + 1839 = 0, 8*l - 4*l - v - 2452 = h. Is l a composite number?
False
Suppose -j = 2*c - 1765 - 2070, 4*c - 4*j - 7688 = 0. Is 4 + c - 8/(-2) composite?
True
Suppose 0 = -3*f - 6, 2*f + 2*f + 8 = j. Suppose 2*u = 4, j = -5*r + u + 5 + 18. Suppose 2*q = 5*a - 267 + 698, r*q - 4*a - 1069 = 0. Is q a prime number?
False
Let p = -1626 - 489. Is 2/2 - p/(0 - -3) a composite number?
True
Let t(l) = -l + 13. Let r be t(10). Let j(y) = 11 + 2*y + 30 + 3 + r. Is j(0) prime?
True
Is 0 - 2 - (-8340 + -1) a composite number?
True
Let w = 47061 + -32846. Is w a prime number?
False
Let m = -16194 + 42031. Is m a prime number?
False
Let x = 35 + -29. Suppose r - x*r + 7046 = 3*a, 5*a = -3*r + 4218. Is r a composite number?
True
Is (-28)/(-56) - (-5906)/4*1 composite?
True
Let k(g) = -575*g + 11. Let b be 3 - (5 - 1) - 6. Let f be k(b). Suppose 2*h + 2*h = f. Is h a composite number?
False
Let n be -5*426*(-2)/5. Let a = -559 + n. Is a composite?
False
Let f(u) = 1684*u. Let p be f(1). Suppose -p = -3*t + 1535. Is t a composite number?
True
Let d = -125 + 1002. Is d prime?
True
Suppose 0*p + 3*p = -3*v + 21, -3*p = 2*v - 17. Suppose -p*d + 2419 + 296 = 0. Is d a composite number?
True
Let n(x) = x**2 - 15*x + 28. Let b be n(13). Suppose -b*t = -6*t + 3676. Is t prime?
True
Let c(z) be the first derivative of 7*z**2/2 + 2. Let f be c(3). Suppose -d + f = -88. Is d a prime number?
True
Is 308450/90 + (-2)/9 a composite number?
True
Let n = -7607 - -15214. Is n a composite number?
False
Suppose o + 2*k - 2781 = 0, 3*o + 7*k - 8341 = 2*k. Is o a prime number?
True
Let o(j) = -j**3 + 5*j**2 + 6. Let c be o(5). Let y(v) be the third derivative of v**6/120 - v**5/12 + 7*v**4/24 + v**3/6 - 46*v**2. Is y(c) a prime number?
True
Suppose -20*m = -16*m - 20. Is (-6 + m)*-2*(-518)/(-4) a prime number?
False
Let t(n) = 1202*n**2 - 2*n - 1. Let v(z) = 2*z + 15. Let w be v(-8). Is t(w) a composite number?
True
Let j = 2 + 2. Suppose d + j*q = 12, -5*d + 4*q - 2*q = -16. Suppose r = -d*r + 1105. Is r a composite number?
True
Let j(f) = -f**2 - 15*f + 5. Let w = 37 + -52. Let z be j(w). Suppose 2*s - t = 640, 3*t + 1599 = z*s + t. Is s a prime number?
False
Let b be (-3)/(-24)*-6*-8. Let w(k) = k**3 - 6*k**2 + 2*k - 2. Let j be w(b). Suppose 5*l - d = 1110, 4*d - 10 = j. Is l prime?
True
Let b(k) = k**3 + k**2 + 12. Let t be b(0). Suppose j - 7*j + t = 0. Suppose -569 = -3*m + j*w, -5*m + 2*w - w = -953. Is m a composite number?
False
Let i = -2438 + 3700. Is i prime?
False
Let i be 7395/4 - (-18)/(-24). Suppose 6*q = 2*q + i. Suppose -2*w - 2*y + 325 = -7*y, y - q = -3*w. Is w a composite number?
True
Let s be (-86)/(